{"id":45,"date":"2025-07-10T19:30:52","date_gmt":"2025-07-10T19:30:52","guid":{"rendered":"https:\/\/cpcomunica.com\/cpcar\/?page_id=45"},"modified":"2025-07-15T18:24:16","modified_gmt":"2025-07-15T18:24:16","slug":"sobre","status":"publish","type":"page","link":"https:\/\/cpcomunica.com\/cpcar\/sobre\/","title":{"rendered":"Sobre"},"content":{"rendered":"\t\t<div data-elementor-type=\"wp-page\" data-elementor-id=\"45\" class=\"elementor elementor-45\" data-elementor-post-type=\"page\">\n\t\t\t\t<div class=\"elementor-element elementor-element-9bec74e e-flex e-con-boxed e-con e-parent\" data-id=\"9bec74e\" data-element_type=\"container\" data-settings=\"{&quot;background_background&quot;:&quot;classic&quot;}\">\n\t\t\t\t\t<div class=\"e-con-inner\">\n\t\t\t\t<div class=\"elementor-element elementor-element-b71674b elementor-widget__width-inherit elementor-widget elementor-widget-heading\" data-id=\"b71674b\" data-element_type=\"widget\" data-widget_type=\"heading.default\">\n\t\t\t\t\t<h2 class=\"elementor-heading-title elementor-size-default\">Sobre n\u00f3s<\/h2>\t\t\t\t<\/div>\n\t\t\t\t\t<\/div>\n\t\t\t\t<\/div>\n\t\t<div class=\"elementor-element elementor-element-e84f332 e-flex e-con-boxed e-con e-parent\" data-id=\"e84f332\" data-element_type=\"container\">\n\t\t\t\t\t<div class=\"e-con-inner\">\n\t\t<div class=\"elementor-element elementor-element-afce25a e-con-full e-flex e-con e-child\" data-id=\"afce25a\" data-element_type=\"container\">\n\t\t\t\t<div class=\"elementor-element elementor-element-64a94df elementor-widget-tablet__width-inherit elementor-widget elementor-widget-heading\" data-id=\"64a94df\" data-element_type=\"widget\" data-widget_type=\"heading.default\">\n\t\t\t\t\t<h2 class=\"elementor-heading-title elementor-size-default\">Somos apaixonados por conectar pessoas ao ve\u00edculo dos seus sonhos. <\/h2>\t\t\t\t<\/div>\n\t\t\t\t<div class=\"elementor-element elementor-element-fc09e19 elementor-widget elementor-widget-text-editor\" data-id=\"fc09e19\" data-element_type=\"widget\" data-widget_type=\"text-editor.default\">\n\t\t\t\t\t\t\t\t\t<p data-start=\"181\" data-end=\"359\">Atuamos no mercado automotivo com foco em oferecer <strong data-start=\"299\" data-end=\"339\">qualidade, transpar\u00eancia e confian\u00e7a<\/strong> em cada negocia\u00e7\u00e3o.<\/p><p data-start=\"361\" data-end=\"646\">Trabalhamos com uma ampla variedade de <strong data-start=\"400\" data-end=\"424\">ve\u00edculos multimarcas<\/strong>, criteriosamente selecionados para garantir seguran\u00e7a, proced\u00eancia e o melhor custo-benef\u00edcio. Nossa miss\u00e3o \u00e9 <strong data-start=\"535\" data-end=\"602\">tornar sua experi\u00eancia de compra simples, segura e satisfat\u00f3ria<\/strong> \u2014 do primeiro contato \u00e0 entrega das chaves.<\/p><p data-start=\"648\" data-end=\"803\">Com uma equipe especializada e atendimento personalizado, estamos prontos para ajud\u00e1-lo a encontrar a melhor op\u00e7\u00e3o para o seu estilo de vida e necessidade.<\/p><p data-start=\"805\" data-end=\"874\"><strong data-start=\"805\" data-end=\"874\">Mais que vender carros, nosso compromisso \u00e9 com a sua satisfa\u00e7\u00e3o.<\/strong><\/p>\t\t\t\t\t\t\t\t<\/div>\n\t\t\t\t<\/div>\n\t\t<div class=\"elementor-element elementor-element-b9d995f e-con-full e-flex e-con e-child\" data-id=\"b9d995f\" data-element_type=\"container\">\n\t\t\t\t<div class=\"elementor-element elementor-element-66297ed elementor-widget elementor-widget-image\" data-id=\"66297ed\" data-element_type=\"widget\" data-widget_type=\"image.default\">\n\t\t\t\t\t\t\t\t\t\t\t\t\t\t\t<img fetchpriority=\"high\" decoding=\"async\" width=\"588\" height=\"435\" src=\"https:\/\/cpcomunica.com\/cpcar\/wp-content\/uploads\/2025\/07\/Blue-and-Orange-Modern-Gradient-iOS-Icon-588-x-435-px-1.webp\" class=\"attachment-full size-full wp-image-297\" alt=\"\" srcset=\"https:\/\/cpcomunica.com\/cpcar\/wp-content\/uploads\/2025\/07\/Blue-and-Orange-Modern-Gradient-iOS-Icon-588-x-435-px-1.webp 588w, https:\/\/cpcomunica.com\/cpcar\/wp-content\/uploads\/2025\/07\/Blue-and-Orange-Modern-Gradient-iOS-Icon-588-x-435-px-1-300x222.webp 300w\" sizes=\"(max-width: 588px) 100vw, 588px\" \/>\t\t\t\t\t\t\t\t\t\t\t\t\t\t\t<\/div>\n\t\t\t\t<\/div>\n\t\t\t\t\t<\/div>\n\t\t\t\t<\/div>\n\t\t<div class=\"elementor-element elementor-element-636a7ee0 e-flex e-con-boxed e-con e-parent\" data-id=\"636a7ee0\" data-element_type=\"container\" data-settings=\"{&quot;background_background&quot;:&quot;classic&quot;}\">\n\t\t\t\t\t<div class=\"e-con-inner\">\n\t\t\t\t<div class=\"elementor-element elementor-element-2d7c036 elementor-widget__width-inherit elementor-widget elementor-widget-heading\" data-id=\"2d7c036\" data-element_type=\"widget\" data-widget_type=\"heading.default\">\n\t\t\t\t\t<h2 class=\"elementor-heading-title elementor-size-default\">Por que comprar conosco?<\/h2>\t\t\t\t<\/div>\n\t\t\t\t<div class=\"elementor-element elementor-element-3dcce815 elementor-widget__width-initial elementor-position-top elementor-widget elementor-widget-image-box\" data-id=\"3dcce815\" data-element_type=\"widget\" data-widget_type=\"image-box.default\">\n\t\t\t\t\t<div class=\"elementor-image-box-wrapper\"><figure class=\"elementor-image-box-img\"><img decoding=\"async\" width=\"2000\" height=\"2000\" src=\"https:\/\/cpcomunica.com\/cpcar\/wp-content\/uploads\/2025\/07\/4.png\" class=\"attachment-full size-full wp-image-109\" alt=\"\" srcset=\"https:\/\/cpcomunica.com\/cpcar\/wp-content\/uploads\/2025\/07\/4.png 2000w, https:\/\/cpcomunica.com\/cpcar\/wp-content\/uploads\/2025\/07\/4-300x300.png 300w, https:\/\/cpcomunica.com\/cpcar\/wp-content\/uploads\/2025\/07\/4-1024x1024.png 1024w, https:\/\/cpcomunica.com\/cpcar\/wp-content\/uploads\/2025\/07\/4-150x150.png 150w, https:\/\/cpcomunica.com\/cpcar\/wp-content\/uploads\/2025\/07\/4-768x768.png 768w, https:\/\/cpcomunica.com\/cpcar\/wp-content\/uploads\/2025\/07\/4-1536x1536.png 1536w\" sizes=\"(max-width: 2000px) 100vw, 2000px\" \/><\/figure><div class=\"elementor-image-box-content\"><h3 class=\"elementor-image-box-title\">Variedade que cabe no seu gosto e  bolso<\/h3><p class=\"elementor-image-box-description\">Encontre diferentes marcas e modelos em um s\u00f3 lugar, com op\u00e7\u00f5es para todos os perfis e or\u00e7amentos.<\/p><\/div><\/div>\t\t\t\t<\/div>\n\t\t\t\t<div class=\"elementor-element elementor-element-64a3c2da elementor-widget__width-initial elementor-widget-tablet__width-inherit elementor-position-top elementor-widget elementor-widget-image-box\" data-id=\"64a3c2da\" data-element_type=\"widget\" data-widget_type=\"image-box.default\">\n\t\t\t\t\t<div class=\"elementor-image-box-wrapper\"><figure class=\"elementor-image-box-img\"><img decoding=\"async\" width=\"2000\" height=\"2000\" src=\"https:\/\/cpcomunica.com\/cpcar\/wp-content\/uploads\/2025\/07\/5.png\" class=\"attachment-full size-full wp-image-110\" alt=\"\" srcset=\"https:\/\/cpcomunica.com\/cpcar\/wp-content\/uploads\/2025\/07\/5.png 2000w, https:\/\/cpcomunica.com\/cpcar\/wp-content\/uploads\/2025\/07\/5-300x300.png 300w, https:\/\/cpcomunica.com\/cpcar\/wp-content\/uploads\/2025\/07\/5-1024x1024.png 1024w, https:\/\/cpcomunica.com\/cpcar\/wp-content\/uploads\/2025\/07\/5-150x150.png 150w, https:\/\/cpcomunica.com\/cpcar\/wp-content\/uploads\/2025\/07\/5-768x768.png 768w, https:\/\/cpcomunica.com\/cpcar\/wp-content\/uploads\/2025\/07\/5-1536x1536.png 1536w\" sizes=\"(max-width: 2000px) 100vw, 2000px\" \/><\/figure><div class=\"elementor-image-box-content\"><h3 class=\"elementor-image-box-title\">Qualidade e proced\u00eancia <\/h3><p class=\"elementor-image-box-description\">Todos os ve\u00edculos passam por avalia\u00e7\u00e3o rigorosa, oferecendo mais seguran\u00e7a e transpar\u00eancia nacompra.<\/p><\/div><\/div>\t\t\t\t<\/div>\n\t\t\t\t<div class=\"elementor-element elementor-element-51c2aa39 elementor-widget__width-initial elementor-widget-tablet__width-inherit elementor-position-top elementor-widget elementor-widget-image-box\" data-id=\"51c2aa39\" data-element_type=\"widget\" data-widget_type=\"image-box.default\">\n\t\t\t\t\t<div class=\"elementor-image-box-wrapper\"><figure class=\"elementor-image-box-img\"><img loading=\"lazy\" decoding=\"async\" width=\"2000\" height=\"2000\" src=\"https:\/\/cpcomunica.com\/cpcar\/wp-content\/uploads\/2025\/07\/3-1.png\" class=\"attachment-full size-full wp-image-108\" alt=\"\" srcset=\"https:\/\/cpcomunica.com\/cpcar\/wp-content\/uploads\/2025\/07\/3-1.png 2000w, https:\/\/cpcomunica.com\/cpcar\/wp-content\/uploads\/2025\/07\/3-1-300x300.png 300w, https:\/\/cpcomunica.com\/cpcar\/wp-content\/uploads\/2025\/07\/3-1-1024x1024.png 1024w, https:\/\/cpcomunica.com\/cpcar\/wp-content\/uploads\/2025\/07\/3-1-150x150.png 150w, https:\/\/cpcomunica.com\/cpcar\/wp-content\/uploads\/2025\/07\/3-1-768x768.png 768w, https:\/\/cpcomunica.com\/cpcar\/wp-content\/uploads\/2025\/07\/3-1-1536x1536.png 1536w\" sizes=\"(max-width: 2000px) 100vw, 2000px\" \/><\/figure><div class=\"elementor-image-box-content\"><h3 class=\"elementor-image-box-title\"> Facilidade na negocia\u00e7\u00e3o<\/h3><p class=\"elementor-image-box-description\">Condi\u00e7\u00f5es especiais de financiamento, entrada facilitada e avalia\u00e7\u00e3o justa do seu usado na troca.<\/p><\/div><\/div>\t\t\t\t<\/div>\n\t\t\t\t<div class=\"elementor-element elementor-element-4d284285 elementor-align-center elementor-widget__width-inherit elementor-widget elementor-widget-button\" data-id=\"4d284285\" data-element_type=\"widget\" data-widget_type=\"button.default\">\n\t\t\t\t\t\t\t\t\t\t<a class=\"elementor-button elementor-button-link elementor-size-sm\" href=\"https:\/\/cpcomunica.com\/cpcar\/contato\/\">\n\t\t\t\t\t\t<span class=\"elementor-button-content-wrapper\">\n\t\t\t\t\t\t\t\t\t<span class=\"elementor-button-text\">Entrar em contato<\/span>\n\t\t\t\t\t<\/span>\n\t\t\t\t\t<\/a>\n\t\t\t\t\t\t\t\t<\/div>\n\t\t\t\t\t<\/div>\n\t\t\t\t<\/div>\n\t\t<div class=\"elementor-element elementor-element-17a3d443 e-flex e-con-boxed e-con e-parent\" data-id=\"17a3d443\" data-element_type=\"container\">\n\t\t\t\t\t<div class=\"e-con-inner\">\n\t\t<div class=\"elementor-element elementor-element-24427c5b e-con-full e-flex e-con e-child\" data-id=\"24427c5b\" data-element_type=\"container\">\n\t\t\t\t<div class=\"elementor-element elementor-element-5ba1f32f elementor-widget elementor-widget-heading\" data-id=\"5ba1f32f\" data-element_type=\"widget\" data-widget_type=\"heading.default\">\n\t\t\t\t\t<h2 class=\"elementor-heading-title elementor-size-default\">Contato<\/h2>\t\t\t\t<\/div>\n\t\t\t\t<div class=\"elementor-element elementor-element-4cd449e5 elementor-button-align-stretch elementor-widget elementor-widget-form\" data-id=\"4cd449e5\" data-element_type=\"widget\" data-settings=\"{&quot;button_width&quot;:&quot;60&quot;,&quot;step_next_label&quot;:&quot;Next&quot;,&quot;step_previous_label&quot;:&quot;Previous&quot;,&quot;step_type&quot;:&quot;number_text&quot;,&quot;step_icon_shape&quot;:&quot;circle&quot;}\" data-widget_type=\"form.default\">\n\t\t\t\t\t\t\t<form class=\"elementor-form\" method=\"post\" name=\"Formul\u00e1rio de Contato\" aria-label=\"Formul\u00e1rio de Contato\">\n\t\t\t<input type=\"hidden\" name=\"post_id\" value=\"45\"\/>\n\t\t\t<input type=\"hidden\" name=\"form_id\" value=\"4cd449e5\"\/>\n\t\t\t<input type=\"hidden\" name=\"referer_title\" value=\"Sobre\" \/>\n\n\t\t\t\t\t\t\t<input type=\"hidden\" name=\"queried_id\" value=\"45\"\/>\n\t\t\t\n\t\t\t<div class=\"elementor-form-fields-wrapper elementor-labels-\">\n\t\t\t\t\t\t\t\t<div class=\"elementor-field-type-text elementor-field-group elementor-column elementor-field-group-name elementor-col-100\">\n\t\t\t\t\t\t\t\t\t\t\t\t<label for=\"form-field-name\" class=\"elementor-field-label elementor-screen-only\">\n\t\t\t\t\t\t\t\tNome\t\t\t\t\t\t\t<\/label>\n\t\t\t\t\t\t\t\t\t\t\t\t\t\t<input size=\"1\" type=\"text\" name=\"form_fields[name]\" id=\"form-field-name\" class=\"elementor-field elementor-size-sm  elementor-field-textual\" placeholder=\"Nome\">\n\t\t\t\t\t\t\t\t\t\t\t<\/div>\n\t\t\t\t\t\t\t\t<div class=\"elementor-field-type-email elementor-field-group elementor-column elementor-field-group-email elementor-col-100 elementor-field-required\">\n\t\t\t\t\t\t\t\t\t\t\t\t<label for=\"form-field-email\" class=\"elementor-field-label elementor-screen-only\">\n\t\t\t\t\t\t\t\tEmail\t\t\t\t\t\t\t<\/label>\n\t\t\t\t\t\t\t\t\t\t\t\t\t\t<input size=\"1\" type=\"email\" name=\"form_fields[email]\" id=\"form-field-email\" class=\"elementor-field elementor-size-sm  elementor-field-textual\" placeholder=\"Email\" required=\"required\">\n\t\t\t\t\t\t\t\t\t\t\t<\/div>\n\t\t\t\t\t\t\t\t<div class=\"elementor-field-type-tel elementor-field-group elementor-column elementor-field-group-field_6d3d626 elementor-col-100\">\n\t\t\t\t\t\t\t\t\t\t\t\t<label for=\"form-field-field_6d3d626\" class=\"elementor-field-label elementor-screen-only\">\n\t\t\t\t\t\t\t\tWhatsApp\t\t\t\t\t\t\t<\/label>\n\t\t\t\t\t\t\t\t<input size=\"1\" type=\"tel\" name=\"form_fields[field_6d3d626]\" id=\"form-field-field_6d3d626\" class=\"elementor-field elementor-size-sm  elementor-field-textual\" placeholder=\"WhatsApp\" pattern=\"[0-9()#&amp;+*-=.]+\" title=\"Only numbers and phone characters (#, -, *, etc) are accepted.\">\n\n\t\t\t\t\t\t<\/div>\n\t\t\t\t\t\t\t\t<div class=\"elementor-field-type-textarea elementor-field-group elementor-column elementor-field-group-message elementor-col-100\">\n\t\t\t\t\t\t\t\t\t\t\t\t<label for=\"form-field-message\" class=\"elementor-field-label elementor-screen-only\">\n\t\t\t\t\t\t\t\tMensagem\t\t\t\t\t\t\t<\/label>\n\t\t\t\t\t\t<textarea class=\"elementor-field-textual elementor-field  elementor-size-sm\" name=\"form_fields[message]\" id=\"form-field-message\" rows=\"4\" placeholder=\"Mensagem\"><\/textarea>\t\t\t\t<\/div>\n\t\t\t\t\t\t\t\t<div class=\"elementor-field-group elementor-column elementor-field-type-submit elementor-col-60 e-form__buttons\">\n\t\t\t\t\t<button class=\"elementor-button elementor-size-sm\" type=\"submit\">\n\t\t\t\t\t\t<span class=\"elementor-button-content-wrapper\">\n\t\t\t\t\t\t\t\t\t\t\t\t\t\t\t\t\t\t\t\t\t\t<span class=\"elementor-button-text\">Enviar<\/span>\n\t\t\t\t\t\t\t\t\t\t\t\t\t<\/span>\n\t\t\t\t\t<\/button>\n\t\t\t\t<\/div>\n\t\t\t<\/div>\n\t\t<\/form>\n\t\t\t\t\t\t<\/div>\n\t\t\t\t<div class=\"elementor-element elementor-element-14d9b597 elementor-icon-list--layout-traditional elementor-list-item-link-full_width elementor-widget elementor-widget-icon-list\" data-id=\"14d9b597\" data-element_type=\"widget\" data-widget_type=\"icon-list.default\">\n\t\t\t\t\t\t\t<ul class=\"elementor-icon-list-items\">\n\t\t\t\t\t\t\t<li class=\"elementor-icon-list-item\">\n\t\t\t\t\t\t\t\t\t\t\t<span class=\"elementor-icon-list-icon\">\n\t\t\t\t\t\t\t<svg aria-hidden=\"true\" class=\"e-font-icon-svg e-fas-phone-alt\" viewBox=\"0 0 512 512\" xmlns=\"http:\/\/www.w3.org\/2000\/svg\"><path d=\"M497.39 361.8l-112-48a24 24 0 0 0-28 6.9l-49.6 60.6A370.66 370.66 0 0 1 130.6 204.11l60.6-49.6a23.94 23.94 0 0 0 6.9-28l-48-112A24.16 24.16 0 0 0 122.6.61l-104 24A24 24 0 0 0 0 48c0 256.5 207.9 464 464 464a24 24 0 0 0 23.4-18.6l24-104a24.29 24.29 0 0 0-14.01-27.6z\"><\/path><\/svg>\t\t\t\t\t\t<\/span>\n\t\t\t\t\t\t\t\t\t\t<span class=\"elementor-icon-list-text\">11 5555-5555<\/span>\n\t\t\t\t\t\t\t\t\t<\/li>\n\t\t\t\t\t\t\t\t<li class=\"elementor-icon-list-item\">\n\t\t\t\t\t\t\t\t\t\t\t<span class=\"elementor-icon-list-icon\">\n\t\t\t\t\t\t\t<svg aria-hidden=\"true\" class=\"e-font-icon-svg e-fab-whatsapp\" viewBox=\"0 0 448 512\" xmlns=\"http:\/\/www.w3.org\/2000\/svg\"><path d=\"M380.9 97.1C339 55.1 283.2 32 223.9 32c-122.4 0-222 99.6-222 222 0 39.1 10.2 77.3 29.6 111L0 480l117.7-30.9c32.4 17.7 68.9 27 106.1 27h.1c122.3 0 224.1-99.6 224.1-222 0-59.3-25.2-115-67.1-157zm-157 341.6c-33.2 0-65.7-8.9-94-25.7l-6.7-4-69.8 18.3L72 359.2l-4.4-7c-18.5-29.4-28.2-63.3-28.2-98.2 0-101.7 82.8-184.5 184.6-184.5 49.3 0 95.6 19.2 130.4 54.1 34.8 34.9 56.2 81.2 56.1 130.5 0 101.8-84.9 184.6-186.6 184.6zm101.2-138.2c-5.5-2.8-32.8-16.2-37.9-18-5.1-1.9-8.8-2.8-12.5 2.8-3.7 5.6-14.3 18-17.6 21.8-3.2 3.7-6.5 4.2-12 1.4-32.6-16.3-54-29.1-75.5-66-5.7-9.8 5.7-9.1 16.3-30.3 1.8-3.7.9-6.9-.5-9.7-1.4-2.8-12.5-30.1-17.1-41.2-4.5-10.8-9.1-9.3-12.5-9.5-3.2-.2-6.9-.2-10.6-.2-3.7 0-9.7 1.4-14.8 6.9-5.1 5.6-19.4 19-19.4 46.3 0 27.3 19.9 53.7 22.6 57.4 2.8 3.7 39.1 59.7 94.8 83.8 35.2 15.2 49 16.5 66.6 13.9 10.7-1.6 32.8-13.4 37.4-26.4 4.6-13 4.6-24.1 3.2-26.4-1.3-2.5-5-3.9-10.5-6.6z\"><\/path><\/svg>\t\t\t\t\t\t<\/span>\n\t\t\t\t\t\t\t\t\t\t<span class=\"elementor-icon-list-text\">11999999999<\/span>\n\t\t\t\t\t\t\t\t\t<\/li>\n\t\t\t\t\t\t\t\t<li class=\"elementor-icon-list-item\">\n\t\t\t\t\t\t\t\t\t\t\t<span class=\"elementor-icon-list-icon\">\n\t\t\t\t\t\t\t<svg aria-hidden=\"true\" class=\"e-font-icon-svg e-fas-mail-bulk\" viewBox=\"0 0 576 512\" xmlns=\"http:\/\/www.w3.org\/2000\/svg\"><path d=\"M160 448c-25.6 0-51.2-22.4-64-32-64-44.8-83.2-60.8-96-70.4V480c0 17.67 14.33 32 32 32h256c17.67 0 32-14.33 32-32V345.6c-12.8 9.6-32 25.6-96 70.4-12.8 9.6-38.4 32-64 32zm128-192H32c-17.67 0-32 14.33-32 32v16c25.6 19.2 22.4 19.2 115.2 86.4 9.6 6.4 28.8 25.6 44.8 25.6s35.2-19.2 44.8-22.4c92.8-67.2 89.6-67.2 115.2-86.4V288c0-17.67-14.33-32-32-32zm256-96H224c-17.67 0-32 14.33-32 32v32h96c33.21 0 60.59 25.42 63.71 57.82l.29-.22V416h192c17.67 0 32-14.33 32-32V192c0-17.67-14.33-32-32-32zm-32 128h-64v-64h64v64zm-352-96c0-35.29 28.71-64 64-64h224V32c0-17.67-14.33-32-32-32H96C78.33 0 64 14.33 64 32v192h96v-32z\"><\/path><\/svg>\t\t\t\t\t\t<\/span>\n\t\t\t\t\t\t\t\t\t\t<span class=\"elementor-icon-list-text\">contato@cpcomunica.com<\/span>\n\t\t\t\t\t\t\t\t\t<\/li>\n\t\t\t\t\t\t\t\t<li class=\"elementor-icon-list-item\">\n\t\t\t\t\t\t\t\t\t\t\t<a href=\"\">\n\n\t\t\t\t\t\t\t\t\t\t\t\t<span class=\"elementor-icon-list-icon\">\n\t\t\t\t\t\t\t<svg aria-hidden=\"true\" class=\"e-font-icon-svg e-far-clock\" viewBox=\"0 0 512 512\" xmlns=\"http:\/\/www.w3.org\/2000\/svg\"><path d=\"M256 8C119 8 8 119 8 256s111 248 248 248 248-111 248-248S393 8 256 8zm0 448c-110.5 0-200-89.5-200-200S145.5 56 256 56s200 89.5 200 200-89.5 200-200 200zm61.8-104.4l-84.9-61.7c-3.1-2.3-4.9-5.9-4.9-9.7V116c0-6.6 5.4-12 12-12h32c6.6 0 12 5.4 12 12v141.7l66.8 48.6c5.4 3.9 6.5 11.4 2.6 16.8L334.6 349c-3.9 5.3-11.4 6.5-16.8 2.6z\"><\/path><\/svg>\t\t\t\t\t\t<\/span>\n\t\t\t\t\t\t\t\t\t\t<span class=\"elementor-icon-list-text\">seg \u00e0 sab 09:00 \u00e0s 18:00<\/span>\n\t\t\t\t\t\t\t\t\t\t\t<\/a>\n\t\t\t\t\t\t\t\t\t<\/li>\n\t\t\t\t\t\t<\/ul>\n\t\t\t\t\t\t<\/div>\n\t\t\t\t<\/div>\n\t\t<div class=\"elementor-element elementor-element-69b78edc e-con-full e-flex e-con e-child\" data-id=\"69b78edc\" data-element_type=\"container\">\n\t\t\t\t<div class=\"elementor-element elementor-element-5247f8ef elementor-widget elementor-widget-heading\" data-id=\"5247f8ef\" data-element_type=\"widget\" data-widget_type=\"heading.default\">\n\t\t\t\t\t<h2 class=\"elementor-heading-title elementor-size-default\">Endere\u00e7o<\/h2>\t\t\t\t<\/div>\n\t\t\t\t<div class=\"elementor-element elementor-element-6f379648 elementor-widget elementor-widget-google_maps\" data-id=\"6f379648\" data-element_type=\"widget\" data-widget_type=\"google_maps.default\">\n\t\t\t\t\t\t\t<div class=\"elementor-custom-embed\">\n\t\t\t<iframe loading=\"lazy\"\n\t\t\t\t\tsrc=\"https:\/\/maps.google.com\/maps?q=joinville&#038;t=m&#038;z=2&#038;output=embed&#038;iwloc=near\"\n\t\t\t\t\ttitle=\"joinville\"\n\t\t\t\t\taria-label=\"joinville\"\n\t\t\t><\/iframe>\n\t\t<\/div>\n\t\t\t\t\t\t<\/div>\n\t\t\t\t<\/div>\n\t\t\t\t\t<\/div>\n\t\t\t\t<\/div>\n\t\t<div class=\"elementor-element elementor-element-314bf33 e-flex e-con-boxed e-con e-parent\" data-id=\"314bf33\" data-element_type=\"container\" data-settings=\"{&quot;background_background&quot;:&quot;classic&quot;}\">\n\t\t\t\t\t<div class=\"e-con-inner\">\n\t\t\t\t<div class=\"elementor-element elementor-element-34921cce elementor-widget__width-inherit elementor-widget elementor-widget-heading\" data-id=\"34921cce\" data-element_type=\"widget\" data-widget_type=\"heading.default\">\n\t\t\t\t\t<h3 class=\"elementor-heading-title elementor-size-default\">Seu pr\u00f3ximo carro est\u00e1 aqui. <\/h3>\t\t\t\t<\/div>\n\t\t\t\t\t<\/div>\n\t\t\t\t<\/div>\n\t\t\t\t<\/div>\n\t\t","protected":false},"excerpt":{"rendered":"<p>Sobre n\u00f3s Somos apaixonados por conectar pessoas ao ve\u00edculo dos seus sonhos. Atuamos no mercado automotivo com foco em oferecer qualidade, transpar\u00eancia e confian\u00e7a em cada negocia\u00e7\u00e3o. Trabalhamos com uma ampla variedade de ve\u00edculos multimarcas, criteriosamente selecionados para garantir seguran\u00e7a, proced\u00eancia e o melhor custo-benef\u00edcio. Nossa miss\u00e3o \u00e9 tornar sua experi\u00eancia de compra simples, segura [&hellip;]<\/p>\n","protected":false},"author":1,"featured_media":0,"parent":0,"menu_order":0,"comment_status":"closed","ping_status":"closed","template":"elementor_header_footer","meta":{"footnotes":""},"class_list":["post-45","page","type-page","status-publish","hentry"],"_links":{"self":[{"href":"https:\/\/cpcomunica.com\/cpcar\/wp-json\/wp\/v2\/pages\/45","targetHints":{"allow":["GET"]}}],"collection":[{"href":"https:\/\/cpcomunica.com\/cpcar\/wp-json\/wp\/v2\/pages"}],"about":[{"href":"https:\/\/cpcomunica.com\/cpcar\/wp-json\/wp\/v2\/types\/page"}],"author":[{"embeddable":true,"href":"https:\/\/cpcomunica.com\/cpcar\/wp-json\/wp\/v2\/users\/1"}],"replies":[{"embeddable":true,"href":"https:\/\/cpcomunica.com\/cpcar\/wp-json\/wp\/v2\/comments?post=45"}],"version-history":[{"count":13,"href":"https:\/\/cpcomunica.com\/cpcar\/wp-json\/wp\/v2\/pages\/45\/revisions"}],"predecessor-version":[{"id":306,"href":"https:\/\/cpcomunica.com\/cpcar\/wp-json\/wp\/v2\/pages\/45\/revisions\/306"}],"wp:attachment":[{"href":"https:\/\/cpcomunica.com\/cpcar\/wp-json\/wp\/v2\/media?parent=45"}],"curies":[{"name":"wp","href":"https:\/\/api.w.org\/{rel}","templated":true}]}}